{"id":3055,"date":"2026-04-30T06:38:29","date_gmt":"2026-04-30T06:38:29","guid":{"rendered":"https:\/\/bliv-klogere.dk\/?page_id=3055"},"modified":"2026-05-06T07:22:10","modified_gmt":"2026-05-06T07:22:10","slug":"7-udtale","status":"publish","type":"page","link":"https:\/\/bliv-klogere.dk\/index.php\/7-udtale\/","title":{"rendered":"7. Udtale"},"content":{"rendered":"\n<figure class=\"wp-block-embed is-type-video is-provider-youtube wp-block-embed-youtube wp-embed-aspect-16-9 wp-has-aspect-ratio\"><div class=\"wp-block-embed__wrapper\">\n<iframe loading=\"lazy\" title=\"Udtale\" width=\"604\" height=\"340\" src=\"https:\/\/www.youtube.com\/embed\/49g2mGx07IU?feature=oembed\" frameborder=\"0\" allow=\"accelerometer; autoplay; clipboard-write; encrypted-media; gyroscope; picture-in-picture; web-share\" referrerpolicy=\"strict-origin-when-cross-origin\" allowfullscreen><\/iframe>\n<\/div><\/figure>\n\n\n\n<div id=\"ez-toc-container\" class=\"ez-toc-v2_0_82_2 counter-hierarchy ez-toc-counter ez-toc-grey ez-toc-container-direction\">\n<div class=\"ez-toc-title-container\">\n<p class=\"ez-toc-title\" style=\"cursor:inherit\">Indholdsfortegnelse<\/p>\n<span class=\"ez-toc-title-toggle\"><a href=\"#\" class=\"ez-toc-pull-right ez-toc-btn ez-toc-btn-xs ez-toc-btn-default ez-toc-toggle\" aria-label=\"Toggle Table of Content\"><span class=\"ez-toc-js-icon-con\"><span class=\"\"><span class=\"eztoc-hide\" style=\"display:none;\">Toggle<\/span><span class=\"ez-toc-icon-toggle-span\"><svg style=\"fill: #999;color:#999\" xmlns=\"http:\/\/www.w3.org\/2000\/svg\" class=\"list-377408\" width=\"20px\" height=\"20px\" viewBox=\"0 0 24 24\" fill=\"none\"><path d=\"M6 6H4v2h2V6zm14 0H8v2h12V6zM4 11h2v2H4v-2zm16 0H8v2h12v-2zM4 16h2v2H4v-2zm16 0H8v2h12v-2z\" fill=\"currentColor\"><\/path><\/svg><svg style=\"fill: #999;color:#999\" class=\"arrow-unsorted-368013\" xmlns=\"http:\/\/www.w3.org\/2000\/svg\" width=\"10px\" height=\"10px\" viewBox=\"0 0 24 24\" version=\"1.2\" baseProfile=\"tiny\"><path d=\"M18.2 9.3l-6.2-6.3-6.2 6.3c-.2.2-.3.4-.3.7s.1.5.3.7c.2.2.4.3.7.3h11c.3 0 .5-.1.7-.3.2-.2.3-.5.3-.7s-.1-.5-.3-.7zM5.8 14.7l6.2 6.3 6.2-6.3c.2-.2.3-.5.3-.7s-.1-.5-.3-.7c-.2-.2-.4-.3-.7-.3h-11c-.3 0-.5.1-.7.3-.2.2-.3.5-.3.7s.1.5.3.7z\"\/><\/svg><\/span><\/span><\/span><\/a><\/span><\/div>\n<nav><ul class='ez-toc-list ez-toc-list-level-1 ' ><li class='ez-toc-page-1 ez-toc-heading-level-2'><a class=\"ez-toc-link ez-toc-heading-1\" href=\"https:\/\/bliv-klogere.dk\/index.php\/7-udtale\/#1_Intro_til_lydskrift\" >1. Intro til lydskrift<\/a><\/li><li class='ez-toc-page-1 ez-toc-heading-level-2'><a class=\"ez-toc-link ez-toc-heading-2\" href=\"https:\/\/bliv-klogere.dk\/index.php\/7-udtale\/#2_Engelske_ord_som_ikke_folger_stavelogikken\" >2. Engelske ord, som ikke f\u00f8lger stavelogikken<\/a><\/li><li class='ez-toc-page-1 ez-toc-heading-level-2'><a class=\"ez-toc-link ez-toc-heading-3\" href=\"https:\/\/bliv-klogere.dk\/index.php\/7-udtale\/#3_Udtale_af_th-lyden_d\" >3. Udtale af th-lyden [\u00f0]<\/a><\/li><li class='ez-toc-page-1 ez-toc-heading-level-2'><a class=\"ez-toc-link ez-toc-heading-4\" href=\"https:\/\/bliv-klogere.dk\/index.php\/7-udtale\/#4_Udtale_af_oo_u_plus_3_undtagelser\" >4. Udtale af oo [u:] plus 3 undtagelser<\/a><\/li><li class='ez-toc-page-1 ez-toc-heading-level-2'><a class=\"ez-toc-link ez-toc-heading-5\" href=\"https:\/\/bliv-klogere.dk\/index.php\/7-udtale\/#5_Opsamling_og_oplaesning\" >5. Opsamling og opl\u00e6sning<\/a><\/li><\/ul><\/nav><\/div>\n<h2 class=\"wp-block-heading\"><span class=\"ez-toc-section\" id=\"1_Intro_til_lydskrift\"><\/span>1. Intro til lydskrift<span class=\"ez-toc-section-end\"><\/span><\/h2>\n\n\n\n<p>Vi udtaler ikke altid ord, som vi staver dem. Derfor har man udviklet et alfabet, som beskriver, hvordan man udtaler ord. Det betyder, at man staver ordene fuldst\u00e6ndigt som de udtales. Man s\u00e6tter lydskrift i firkantet parantes. Ordet, man udtaler, skrives med <em>kursiv<\/em>.<\/p>\n\n\n\n<ul class=\"wp-block-list\">\n<li><em>Tillykke<\/em> udtales [till\u00f8gge]<\/li>\n\n\n\n<li><em>De kommer <\/em>udtales [di komr]<\/li>\n\n\n\n<li><em>Kom bare du<\/em> udtales (i hvert fald hos Molslinjen og i \u00d8stjylland) [k\u00e5m bar&#8217; do]<\/li>\n<\/ul>\n\n\n\n<p>Link to the <a href=\"https:\/\/bliv-klogere.dk\/index.php\/7-udtale\/\">top of the page<\/a>.<\/p>\n\n\n\n<h2 class=\"wp-block-heading\"><span class=\"ez-toc-section\" id=\"2_Engelske_ord_som_ikke_folger_stavelogikken\"><\/span>2. Engelske ord, som ikke f\u00f8lger stavelogikken<span class=\"ez-toc-section-end\"><\/span><\/h2>\n\n\n\n<ul class=\"wp-block-list\">\n<li>&#8220;Kvinder&#8221; i flertal staves <em>Women<\/em> men udtales med i [wimen]<\/li>\n\n\n\n<li>Byer:\n<ul class=\"wp-block-list\">\n<li>Byen <em>Derby<\/em> udtales [darbi] \n<ul class=\"wp-block-list\">\n<li>Ja, ordet lokalderby kommer fra byen Derby, lige som endelsen -by er en dansk endelse<\/li>\n<\/ul>\n<\/li>\n\n\n\n<li>Byen <em>Leicester<\/em> udtales [l\u00e6ster]<\/li>\n<\/ul>\n<\/li>\n<\/ul>\n\n\n\n<p>Link to the <a href=\"https:\/\/bliv-klogere.dk\/index.php\/7-udtale\/\">top of the page<\/a>.<\/p>\n\n\n\n<h2 class=\"wp-block-heading\"><span class=\"ez-toc-section\" id=\"3_Udtale_af_th-lyden_d\"><\/span>3. Udtale af th-lyden [\u00f0]<span class=\"ez-toc-section-end\"><\/span><\/h2>\n\n\n\n<p>Den nemmeste m\u00e5de at l\u00e6re den engelske th-lyd p\u00e5, er at t\u00e6nke den fuldst\u00e6ndigt som et bl\u00f8dt, dansk &#8220;d&#8221;.<\/p>\n\n\n\n<p>P\u00e5 dansk har vi 2 udtaler af &#8220;d&#8221;-et. <\/p>\n\n\n\n<ul class=\"wp-block-list\">\n<li>H\u00e5rdt &#8220;d&#8221; som i <em>Danmark<\/em> [danmark] og <em>Ditte <\/em>[dite]. H\u00e5rd d skrives bare [d] i lydskrift<\/li>\n\n\n\n<li>Bl\u00f8d d som i <em>O<span style=\"text-decoration: underline;\">d<\/span>ense<\/em><\/li>\n<\/ul>\n\n\n\n<p>Vi bruger bogstavet \u00f0, udtales , til det bl\u00f8de de<\/p>\n\n\n\n<ul class=\"wp-block-list\">\n<li><em>Odense<\/em> udtales [o\u00f0ense]. Bl\u00f8dt d skrives [\u00f0] i lydskrift. Bogstavet \u00f0 siges  &#8220;eth&#8221; eller &#8220;e\u00f0&#8221;.<\/li>\n\n\n\n<li><em>Gade<\/em> udtales [\u0261a\u02d0\u00f0\u0259]. De 2 prikker : betyder, at volalen er lang.<\/li>\n\n\n\n<li><em>Mad<\/em> udtales [ma\u00f0]<\/li>\n<\/ul>\n\n\n\n<p>Th p\u00e5 engelsk kan udtales p\u00e5 samme m\u00e5de. Brug remserne<\/p>\n\n\n\n<ul class=\"wp-block-list\">\n<li><em>Odense<\/em>, <em>the<\/em>, <em>their<\/em>, <em>this<\/em>, <em>these,<\/em> <em>them<\/em>, <em>th<\/em>ose bliver til\n<ul class=\"wp-block-list\">\n<li>[O\u00f0ense], [\u00f0e], [\u00f0\u00e6r], [\u00f0is], [\u00f0i:se], [\u00f0\u00e6m], [\u00f0ouse]<\/li>\n<\/ul>\n<\/li>\n\n\n\n<li>Og remsen <em>father<\/em>, <em>mother, brother, leather,<\/em> <em>feather<\/em> (far, mor, bror, l\u00e6der, fjer] bliver til\n<ul class=\"wp-block-list\">\n<li>[fa\u00f0r], [m\u00e5\u00f0r], [br\u00e5\u00f0r], [l\u00e6\u00f0r], [fe\u00f0r]<\/li>\n<\/ul>\n<\/li>\n<\/ul>\n\n\n\n<p>Link to the <a href=\"https:\/\/bliv-klogere.dk\/index.php\/7-udtale\/\">top of the page<\/a>.<\/p>\n\n\n\n<h2 class=\"wp-block-heading\"><span class=\"ez-toc-section\" id=\"4_Udtale_af_oo_u_plus_3_undtagelser\"><\/span>4. Udtale af oo [u:] plus 3 undtagelser<span class=\"ez-toc-section-end\"><\/span><\/h2>\n\n\n\n<ul class=\"wp-block-list\">\n<li>P\u00e5 engelsk udtales volalen oo som et langt u<\/li>\n\n\n\n<li><em>Doom<\/em> udtales [du:m] (dommedag)<\/li>\n\n\n\n<li><em>Blooming<\/em> udtales [blu:ming] (blomstrende)<\/li>\n<\/ul>\n\n\n\n<p><strong>3 undtagelser oo som et langt o [\u00e5:]<\/strong><\/p>\n\n\n\n<ul class=\"wp-block-list\">\n<li>Der er 3 undtagelser, og det er desv\u00e6rre 3 ret almindelige ord. \n<ul class=\"wp-block-list\">\n<li><em>Door<\/em> bliver til [d\u00e5:r]<\/li>\n\n\n\n<li><em>Blood<\/em> bliver til [bl\u00e5:d]<\/li>\n\n\n\n<li><em>Floor <\/em>bliver til [fl\u00e5:r]<\/li>\n<\/ul>\n<\/li>\n\n\n\n<li>Du kan huske dem ved at l\u00e6re s\u00e6tningen:\n<ul class=\"wp-block-list\">\n<li>He opened the <em>door<\/em> and saw <em>blood<\/em> on the <em>floor<\/em><\/li>\n<\/ul>\n<\/li>\n<\/ul>\n\n\n\n<p>Link to the <a href=\"https:\/\/bliv-klogere.dk\/index.php\/7-udtale\/\">top of the page<\/a>.<\/p>\n\n\n\n<h2 class=\"wp-block-heading\"><span class=\"ez-toc-section\" id=\"5_Opsamling_og_oplaesning\"><\/span>5. Opsamling og opl\u00e6sning<span class=\"ez-toc-section-end\"><\/span><\/h2>\n\n\n\n<p>Her er en r\u00e6kke s\u00e6tninger, som du kan lytte af og l\u00e6se op. \u00d8verst p\u00e5 siden finder du en video med s\u00e6tningerne l\u00e6st op med engelsk accent.<\/p>\n\n\n\n<ul class=\"wp-block-list\">\n<li>Words with unusual spelling:\n<ul class=\"wp-block-list\">\n<li>There are many women working at the hospital.<\/li>\n\n\n\n<li>Derby and Leicester are English cities. Both of them have famous football clubs. In Derby you find Derby County and in Leicester you find Leicester City Football Club. The national Danish goalkeeper Kasper Schmeichel has played for Leicester.<\/li>\n<\/ul>\n<\/li>\n\n\n\n<li>Strips helping you to learn the th-sound:\n<ul class=\"wp-block-list\">\n<li>The, their, this, these, them, those.<\/li>\n\n\n\n<li>Father, mother brother leather feather.<\/li>\n<\/ul>\n<\/li>\n\n\n\n<li>How to pronounce the English oo-sound.\n<ul class=\"wp-block-list\">\n<li>Doom and blooming are pronounced the normal way.<\/li>\n\n\n\n<li>Door, blood and floor are exceptions.<\/li>\n\n\n\n<li>You can remember them with this strip: &#8220;He opend the door and saw blood on the floor&#8221;.<\/li>\n<\/ul>\n<\/li>\n<\/ul>\n","protected":false},"excerpt":{"rendered":"<p>1. Intro til lydskrift Vi udtaler ikke altid ord, som vi staver dem. Derfor har man udviklet et alfabet, som beskriver, hvordan man udtaler ord. Det betyder, at man staver ordene fuldst\u00e6ndigt som de udtales. Man s\u00e6tter lydskrift i firkantet parantes. Ordet, man udtaler, skrives med kursiv. Link to the top of the page. 2. &hellip; <a href=\"https:\/\/bliv-klogere.dk\/index.php\/7-udtale\/\" class=\"more-link\">Continue reading <span class=\"screen-reader-text\">7. Udtale<\/span> <span class=\"meta-nav\">&rarr;<\/span><\/a><\/p>\n","protected":false},"author":1,"featured_media":0,"parent":0,"menu_order":0,"comment_status":"closed","ping_status":"closed","template":"","meta":{"footnotes":""},"class_list":["post-3055","page","type-page","status-publish","hentry"],"_links":{"self":[{"href":"https:\/\/bliv-klogere.dk\/index.php\/wp-json\/wp\/v2\/pages\/3055","targetHints":{"allow":["GET"]}}],"collection":[{"href":"https:\/\/bliv-klogere.dk\/index.php\/wp-json\/wp\/v2\/pages"}],"about":[{"href":"https:\/\/bliv-klogere.dk\/index.php\/wp-json\/wp\/v2\/types\/page"}],"author":[{"embeddable":true,"href":"https:\/\/bliv-klogere.dk\/index.php\/wp-json\/wp\/v2\/users\/1"}],"replies":[{"embeddable":true,"href":"https:\/\/bliv-klogere.dk\/index.php\/wp-json\/wp\/v2\/comments?post=3055"}],"version-history":[{"count":18,"href":"https:\/\/bliv-klogere.dk\/index.php\/wp-json\/wp\/v2\/pages\/3055\/revisions"}],"predecessor-version":[{"id":3121,"href":"https:\/\/bliv-klogere.dk\/index.php\/wp-json\/wp\/v2\/pages\/3055\/revisions\/3121"}],"wp:attachment":[{"href":"https:\/\/bliv-klogere.dk\/index.php\/wp-json\/wp\/v2\/media?parent=3055"}],"curies":[{"name":"wp","href":"https:\/\/api.w.org\/{rel}","templated":true}]}}